).
6
Let p(a) = 4*a**2 + 166*a + 1109. Determine p(-8).
37
Let x(w) = -w**3 - w**2 - 19*w - 9. What is x(-4)?
115
Let i(s) = -s**3 - 19*s**2 + 8*s + 45. Calculate i(-19).
-107
Let p(c) = c**3 + 4*c**2 - 18*c + 19. Determine p(1).
6
Let s(k) = -5*k**2 - 142*k - 889. Give s(-19).
4
Let g(f) = -274*f**2 - 283*f - 2. What is g(-1)?
7
Let t(u) = 2*u**3 - 7*u + 431. What is t(0)?
431
Let c(l) = l**3 + 68*l**2 + 143*l + 726. Calculate c(-66).
0
Let h(i) = -i**2 + 53*i - 375. Determine h(45).
-15
Let h(n) = -n**2 + 1534*n + 56524. Calculate h(-36).
4
Let s(t) = t**2 + 28*t - 110. What is s(3)?
-17
Let z(c) = -3*c**2 - 9*c + 74. Give z(-9).
-88
Let v(a) = 74*a + 3177. Give v(-42).
69
Let c(y) = -39*y + 1611. Determine c(38).
129
Let a(u) = -14*u + 6. Give a(1).
-8
Let y(w) = 5*w**2 - 43*w - 29. Determine y(9).
-11
Let h(r) = -r**3 + 10*r**2 + 6*r - 4. Determine h(-1).
1
Let d(u) = -u**3 + 6*u**2 + 57*u - 286. Determine d(6).
56
Let f(k) = -2*k**2 + 784*k + 6419. Calculate f(-8).
19
Let q(j) = -j**3 - 22*j**2 - 2*j + 37. Determine q(-22).
81
Let f(h) = -33*h + 3804. Give f(114).
42
Let d(m) = -70*m**2 - 68*m - 7. Calculate d(-2).
-151
Let m(n) = n**3 + 86*n**2 + 6*n + 553. What is m(-86)?
37
Let f(i) = -5*i - 471. What is f(-96)?
9
Let k(b) = 2*b**2 + 108*b - 89. Calculate k(-51).
-395
Let n(p) = -2*p**2 + 284*p - 3138. Calculate n(12).
-18
Let y(n) = -4*n**2 + 169*n - 1198. What is y(33)?
23
Let a(h) = 10*h**2 + 130*h + 83. Give a(-12).
-37
Let j(g) = 1178*g + 8246. Calculate j(-7).
0
Let s(u) = 83*u**2 + 78*u + 215. Calculate s(-3).
728
Let u(v) = -2*v**2 + 53*v + 64. Give u(28).
-20
Let g(f) = -4*f - 15. What is g(-3)?
-3
Let m(q) = -4079*q - 32634. Give m(-8).
-2
Let d(o) = -o**2 + 31*o - 40. Give d(33).
-106
Let f(u) = 178*u + 5501. What is f(-30)?
161
Let d(n) = -8*n**3 - 10*n - 8. Give d(-1).
10
Let c(a) = a**3 - 2*a**2 - 9*a + 23. What is c(6)?
113
Let z(m) = -276*m - 370. Determine z(-1).
-94
Let d(g) = g**3 - 2*g**2 + 10*g - 35. Determine d(5).
90
Let z(o) = -45*o - 84. Give z(-2).
6
Let z(g) = 17*g**2 - 109*g + 63. Determine z(6).
21
Let z(u) = u**2 + 17*u + 72. Determine z(-16).
56
Let q(x) = x**3 + 19*x**2 - 6*x + 133. Give q(-18).
565
Let r(p) = p**3 + 8*p**2 - 85*p - 529. Calculate r(-6).
53
Let f(q) = -q**2 + 23*q + 673. Determine f(-17).
-7
Let l(i) = -39*i - 52. Determine l(-1).
-13
Let d(l) = -198*l + 4164. What is d(21)?
6
Let n(a) = -10*a + 37. Determine n(0).
37
Let f(o) = 22*o + 1555. What is f(-63)?
169
Let h(z) = z**3 - 46*z**2 + 43*z - 54. Give h(45).
-144
Let q(g) = -g**2 + 6*g + 27. What is q(12)?
-45
Let r(q) = q**3 - 34*q**2 + 64*q - 2. Calculate r(32).
-2
Let f(o) = -3*o**2 + 171*o - 2176. Calculate f(19).
-10
Let i(q) = -q**3 - 23*q**2 - 74*q + 83. Give i(-19).
45
Let b(y) = -y**2 - 30*y - 428. Give b(-20).
-228
Let o(h) = 54*h**3 - 4*h**2 + 12*h - 17. Calculate o(2).
423
Let l(g) = -78*g + 303. Calculate l(3).
69
Let g(d) = 2*d**3 + 70*d**2 + 132*d + 13. Give g(-33).
13
Let r(l) = -l**2 - 24*l - 60. Give r(-23).
-37
Let i(z) = -15*z**2 + 2395*z - 1586. Calculate i(159).
4
Let s(l) = -63*l - 272. Determine s(-11).
421
Let d(x) = 18*x + 146. What is d(-11)?
-52
Let u(g) = 20*g + 1976. Give u(-101).
-44
Let j(p) = -p**2 + 7*p - 6. Calculate j(6).
0
Let i(a) = 209*a**2 + 24*a - 60. What is i(2)?
824
Let l(b) = -23*b**3 + b**2 - 90*b - 92. Calculate l(-1).
22
Let z(u) = -88*u - 2147. Give z(-23).
-123
Let t(n) = 3*n**3 + 10*n**2 + 3*n - 55. Give t(-5).
-195
Let s(t) = t**3 - 22*t**2 + 55*t - 39. Determine s(6).
-285
Let v(y) = y**2 - 13*y - 256. What is v(-11)?
8
Let m(d) = -204*d - 2034. Calculate m(-10).
6
Let p(i) = -18759*i - 37534. Give p(-2).
-16
Let c(s) = s**3 + 18*s**2 - 29*s + 162. What is c(-20)?
-58
Let y(h) = h**3 - 23*h**2 + 27. Determine y(23).
27
Let h(x) = x**3 - 12*x**2 + 330*x - 1496. Give h(5).
-21
Let w(d) = 2*d**3 + 5*d**2 - 8*d + 10. Calculate w(-5).
-75
Let v(n) = -n**3 + 19*n**2 + 181*n - 2. Calculate v(-7).
5
Let q(n) = 5142*n + 3. Determine q(0).
3
Let c(a) = a**3 - 15*a**2 - 57*a + 28. Determine c(18).
-26
Let y(o) = -2*o**2 - 29*o - 204. What is y(-12)?
-144
Let u(m) = 6*m**2 - 11*m - 98. Give u(5).
-3
Let f(k) = -k**2 + 52*k - 306. Give f(7).
9
Let i(a) = -49*a - 3. Calculate i(8).
-395
Let k(i) = 8*i**2 + 74*i + 206. Calculate k(-3).
56
Let g(h) = -41*h + 2671. Determine g(65).
6
Let c(k) = k**2 - 122*k - 14225. Calculate c(-73).
10
Let m(c) = 4*c**2 + 267*c + 189. Calculate m(-66).
-9
Let m(g) = -2*g**2 + 13*g + 44. What is m(8)?
20
Let j(y) = -3*y**3 - 130*y**2 - 37*y + 273. Calculate j(-43).
15
Let o(h) = -h**3 - 7*h**2 + 5*h - 39. Determine o(-6).
-105
Let u(c) = 2*c**3 - 10*c**2 + 93*c - 350. Give u(4).
-10
Let n(f) = -8*f + 41. Give n(-20).
201
Let p(w) = -5*w**2 + 317*w + 180. What is p(64)?
-12
Let j(u) = u**3 + 50*u**2 - 10*u - 2890. Calculate j(-49).
1
Let t(f) = -f**3 + 20*f**2 - 3*f + 55. Calculate t(20).
-5
Let n(q) = -39*q + 90. Give n(23).
-807
Let y(u) = u**2 - 42*u - 537. Calculate y(-10).
-17
Let a(q) = q**3 - 5*q**2 - 24*q + 130. Give a(8).
130
Let t(v) = 232*v - 53617. Give t(231).
-25
Let q(n) = n**3 - 26*n**2 - 11*n + 168. Determine q(26).
-118
Let x(r) = 8*r + 115. Give x(-12).
19
Let y(u) = 3012*u + 33158. Give y(-11).
26
Let p(c) = 24*c - 265. What is p(6)?
-121
Let k(f) = -f**2 + 79*f - 558. What is k(68)?
190
Let y(g) = -8*g**3 - 4*g**2 - 36*g + 118. Calculate y(3).
-242
Let x(b) = b**2 - 112*b + 1974. What is x(22)?
-6
Let z(l) = -l**3 - 6*l**2 + 42*l - 15. Calculate z(-10).
-35
Let m(j) = -j**3 + 29*j**2 + 299*j - 1696. Give m(36).
-4
Let y(i) = 17*i + 274. Calculate y(-8).
138
Let o(h) = h**3 + 17*h**2 - 76*h + 108. What is o(-20)?
428
Let q(z) = 179*z + 5183. Calculate q(-29).
-8
Let z(x) = 8*x - 44. Determine z(11).
44
Let s(p) = 17*p**2 - 51*p - 315. Calculate s(6).
-9
Let p(m) = 20*m**2 + 4*m + 5. Calculate p(-3).
173
Let c(k) = k**3 - 9*k**2 - 2*k + 102. Determine c(6).
-18
Let i(q) = 132*q + 127. Determine i(-1).
-5
Let j(m) = -19*m + 138. Determine j(2).
100
Let s(z) = -7092*z + 35463. Determine s(5).
3
Let x(t) = t**3 - 18*t**2 + 49*t - 25. Give x(3).
-13
Let o(u) = -15*u - 28. Give o(-1).
-13
Let j(y) = 3*y**2 + 85*y + 524. Give j(-19).
-8
Let b(l) = -3*l**3 - 36*l**2 - 74*l + 67. What is b(-9)?
4
Let a(b) = 4*b**2 - 227*b - 65. Give a(57).
-8
Let a(s) = -s**3 - 7*s**2 - 3*s - 43. What is a(-6)?
-61
Let s(g) = g**3 - 10*g**2 - 13*g + 72. Give s(11).
50
Let f(v) = -2*v**3 - 4*v**2 + 19*v - 5. Give f(3).
-38
Let b(d) = -2*d**3 - 20*d**2 - 36*d - 59. What is b(-8)?
-27
Let t(f) = f**2 + 159*f - 4836. What is t(26)?
-26
Let a(y) = -71*y**3 - 4*y**2 - 2*y + 1. Calculate a(-1).
70
Let c(t) = 853*t - 34979. Give c(41).
-6
Let i(n) = -n + 159. Determine i(40).
119
Let j(b) = b**2 - 85*b + 70. Give j(82).
-176
Let a(o) = 4*o**2 + 266*o - 1728. Calculate a(6).
12
Let s(z) = z**3 - 22*z**2 - 176*z + 209. Determine s(28).
-15
Let w(m) = -m**3 + 229*m**2 - 5*m + 1132. What is w(229)?
-13
Let k(g) = -2*g**2 + 31*g + 37. Determine k(18).
-53
Let t(p) = -15*p + 1696. Calculate t(113).
1
Let j(y) = 74*y - 209. Calculate j(6).
235
Let p(h) = 58*h - 333. Give p(4).
-101
Let g(x) = -425*x - 12325. Calculate g(-29).
0
Let d(u) = -u**2 + 36*u - 189. Give d(6).
-9
Let v(y) = -78*y + 30. Determine v(3).
-204
Let n(t) = t**3 + 8*t**2 + 4*t + 35. Give n(-5).
90
Let p(v) = -105*v - 2758. Give p(-26).
-28
Let p(q) = 11*q**2 + 179*q + 62. Give p(-16).
14
Let w(q) = -21*q**3 + 1617*q**2 - q + 56. Determine w(77).
-21
Let s(u) = -10*u**3 + 27*u**2 + 8*u + 6. Determine s(4).
-170
Let s(v) = -56*v**2 - 3*v - 11. Calculate s(-2).
-229
Let l(v) = -2206*v + 11012. Determine l(5).
-18
Let s(u) = u**3 + 11*u**2 + 16*u - 28. What is s(-9)?
-10
Let p(s) = -s**3 - 2*s**2 + 8*s + 4. Calculate p(-3).
-11
Let d(l) = -7*l**2 + 11*l + 5. Calculate d(3).
-25
Let n(w) = -w**3 - 109*w**2 + 1061*w - 117. Give n(-118).
1
Let q(y) = -2878*y + 46055. Calculate q(16).
7
Let b(t) = -t**3 - 21*t**2 - 19*t - 37. Calculate b(-20).
-57
Let i(n) = 33*n - 236. Give i(6).
-38
Let w(y) = 224*y**3 - 3*y**2 - y + 2. What is w(1)?
222
Let r(w) = w**3 + 58*w**2 + 702*w - 1978. Give r(-22).
2
Let h(m) = m**2 - 22*m - 115. Give h(26).
-11
Let b(u) = 12*u**2 + 129*u + 257. Determine b(-8).
-7
Let k(y) = -152*y - 3855. Wh